{"id":13463,"date":"2026-03-23T14:55:46","date_gmt":"2026-03-23T14:55:46","guid":{"rendered":"https:\/\/www.fraumuetze-germering.de\/?page_id=13463"},"modified":"2026-04-26T20:24:08","modified_gmt":"2026-04-26T20:24:08","slug":"ferienspass-2026","status":"publish","type":"page","link":"https:\/\/www.fraumuetze-germering.de\/ferienspass-2026\/","title":{"rendered":"Ferienspa\u00df 2026"},"content":{"rendered":"\n<p>&nbsp;<\/p>\n\n\n\n<figure class=\"wp-block-video\"><video controls src=\"https:\/\/www.fraumuetze-germering.de\/wp-content\/uploads\/2026\/03\/Film_Frau_MuetZe.mp4\"><\/video><\/figure>\n\n\n\n<p>&nbsp;<\/p>\n\n\n<style>.wp-block-kadence-advancedheading.kt-adv-heading13463_8cc3b5-4e, .wp-block-kadence-advancedheading.kt-adv-heading13463_8cc3b5-4e[data-kb-block=\"kb-adv-heading13463_8cc3b5-4e\"]{font-style:normal;}.wp-block-kadence-advancedheading.kt-adv-heading13463_8cc3b5-4e mark.kt-highlight, .wp-block-kadence-advancedheading.kt-adv-heading13463_8cc3b5-4e[data-kb-block=\"kb-adv-heading13463_8cc3b5-4e\"] mark.kt-highlight{font-style:normal;color:#f76a0c;-webkit-box-decoration-break:clone;box-decoration-break:clone;padding-top:0px;padding-right:0px;padding-bottom:0px;padding-left:0px;}.wp-block-kadence-advancedheading.kt-adv-heading13463_8cc3b5-4e img.kb-inline-image, .wp-block-kadence-advancedheading.kt-adv-heading13463_8cc3b5-4e[data-kb-block=\"kb-adv-heading13463_8cc3b5-4e\"] img.kb-inline-image{width:150px;vertical-align:baseline;}<\/style>\n<p class=\"kt-adv-heading13463_8cc3b5-4e wp-block-kadence-advancedheading\" data-kb-block=\"kb-adv-heading13463_8cc3b5-4e\">f\u00fcr Grundschulkinder im Frau M\u00fctZe<br>und am Waldwagen am Germeringer See<br><br>vom 03.08. bis 14.08.2026 Betreuungszeit jeweils von 09:00 \u2013 13:00 Uhr<br>Unser Programm: kommt noch<br><br>Bei sch\u00f6nem Wetter Sonnencreme und Kopfbedeckung mitbringen!<br>Pro Tag k\u00f6nnen 20 Kinder an unseren Bastelaktionen teilnehmen.<br><br>Kosten: 2,00 \u20ac pro Tag und Kind<br><br>Aus organisatorischen Gr\u00fcnden bitten wir um eine Voranmeldung. Dieses Jahr wahrscheinlich \u00fcber die Stadt Germering.<br><br>Wir bedanken uns ganz herzlich bei der Herta und Josef Benatzky Stiftung,<br>die auch in diesem Jahr unseren Ferienspa\u00dfes wieder gro\u00dfz\u00fcgig unterst\u00fctzt.<\/p>\n\n\n\n<p>&nbsp;<\/p>\n","protected":false},"excerpt":{"rendered":"<p>&nbsp; &nbsp; f\u00fcr Grundschulkinder im Frau M\u00fctZeund am Waldwagen am Germeringer See vom 03.08. bis 14.08.2026 Betreuungszeit jeweils von 09:00 \u2013 13:00 UhrUnser Programm: kommt noch Bei sch\u00f6nem Wetter Sonnencreme und Kopfbedeckung mitbringen!Pro Tag k\u00f6nnen 20 Kinder an unseren Bastelaktionen teilnehmen. Kosten: 2,00 \u20ac pro Tag und Kind Aus organisatorischen Gr\u00fcnden bitten wir um eine&#8230;<\/p>\n","protected":false},"author":5,"featured_media":13657,"parent":0,"menu_order":0,"comment_status":"closed","ping_status":"closed","template":"","meta":{"_kadence_starter_templates_imported_post":false,"_kad_post_transparent":"enable","_kad_post_title":"","_kad_post_layout":"","_kad_post_sidebar_id":"","_kad_post_content_style":"","_kad_post_vertical_padding":"","_kad_post_feature":"","_kad_post_feature_position":"","_kad_post_header":false,"_kad_post_footer":false,"_kad_post_classname":"","_mc_calendar":[],"footnotes":""},"class_list":["post-13463","page","type-page","status-publish","has-post-thumbnail","hentry"],"_links":{"self":[{"href":"https:\/\/www.fraumuetze-germering.de\/wp-json\/wp\/v2\/pages\/13463","targetHints":{"allow":["GET"]}}],"collection":[{"href":"https:\/\/www.fraumuetze-germering.de\/wp-json\/wp\/v2\/pages"}],"about":[{"href":"https:\/\/www.fraumuetze-germering.de\/wp-json\/wp\/v2\/types\/page"}],"author":[{"embeddable":true,"href":"https:\/\/www.fraumuetze-germering.de\/wp-json\/wp\/v2\/users\/5"}],"replies":[{"embeddable":true,"href":"https:\/\/www.fraumuetze-germering.de\/wp-json\/wp\/v2\/comments?post=13463"}],"version-history":[{"count":10,"href":"https:\/\/www.fraumuetze-germering.de\/wp-json\/wp\/v2\/pages\/13463\/revisions"}],"predecessor-version":[{"id":13664,"href":"https:\/\/www.fraumuetze-germering.de\/wp-json\/wp\/v2\/pages\/13463\/revisions\/13664"}],"wp:featuredmedia":[{"embeddable":true,"href":"https:\/\/www.fraumuetze-germering.de\/wp-json\/wp\/v2\/media\/13657"}],"wp:attachment":[{"href":"https:\/\/www.fraumuetze-germering.de\/wp-json\/wp\/v2\/media?parent=13463"}],"curies":[{"name":"wp","href":"https:\/\/api.w.org\/{rel}","templated":true}]}}

Ferienspaß 2026

<p>&nbsp;</p>



<figure class="wp-block-video"><video controls src="https://www.fraumuetze-germering.de/wp-content/uploads/2026/03/Film_Frau_MuetZe.mp4"></video></figure>



<p>&nbsp;</p>


<style>.wp-block-kadence-advancedheading.kt-adv-heading13463_8cc3b5-4e, .wp-block-kadence-advancedheading.kt-adv-heading13463_8cc3b5-4e[data-kb-block="kb-adv-heading13463_8cc3b5-4e"]{font-style:normal;}.wp-block-kadence-advancedheading.kt-adv-heading13463_8cc3b5-4e mark.kt-highlight, .wp-block-kadence-advancedheading.kt-adv-heading13463_8cc3b5-4e[data-kb-block="kb-adv-heading13463_8cc3b5-4e"] mark.kt-highlight{font-style:normal;color:#f76a0c;-webkit-box-decoration-break:clone;box-decoration-break:clone;padding-top:0px;padding-right:0px;padding-bottom:0px;padding-left:0px;}.wp-block-kadence-advancedheading.kt-adv-heading13463_8cc3b5-4e img.kb-inline-image, .wp-block-kadence-advancedheading.kt-adv-heading13463_8cc3b5-4e[data-kb-block="kb-adv-heading13463_8cc3b5-4e"] img.kb-inline-image{width:150px;vertical-align:baseline;}</style>
<p class="kt-adv-heading13463_8cc3b5-4e wp-block-kadence-advancedheading" data-kb-block="kb-adv-heading13463_8cc3b5-4e">für Grundschulkinder im Frau MütZe<br>und am Waldwagen am Germeringer See<br><br>vom 03.08. bis 14.08.2026 Betreuungszeit jeweils von 09:00 – 13:00 Uhr<br>Unser Programm: kommt noch<br><br>Bei schönem Wetter Sonnencreme und Kopfbedeckung mitbringen!<br>Pro Tag können 20 Kinder an unseren Bastelaktionen teilnehmen.<br><br>Kosten: 2,00 € pro Tag und Kind<br><br>Aus organisatorischen Gründen bitten wir um eine Voranmeldung. Dieses Jahr wahrscheinlich über die Stadt Germering.<br><br>Wir bedanken uns ganz herzlich bei der Herta und Josef Benatzky Stiftung,<br>die auch in diesem Jahr unseren Ferienspaßes wieder großzügig unterstützt.</p>



<p>&nbsp;</p>

<p>&nbsp; &nbsp; für Grundschulkinder im Frau MütZeund am Waldwagen am Germeringer See vom 03.08. bis 14.08.2026 Betreuungszeit jeweils von 09:00 – 13:00 UhrUnser Programm: kommt noch Bei schönem Wetter Sonnencreme und Kopfbedeckung mitbringen!Pro Tag können 20 Kinder an unseren Bastelaktionen teilnehmen. Kosten: 2,00 € pro Tag und Kind Aus organisatorischen Gründen bitten wir um eine&#8230;</p>
